 when 49 is divided by (-7)/(n/(-30)) - (-1 + 1).
9
Let f(k) = 32*k - 343. Calculate the remainder when 252 is divided by f(11).
0
Let r(u) = -8*u + 125. Calculate the remainder when r(14) is divided by 2.
1
Let o = 154 + -100. Calculate the remainder when o is divided by 22/3 - (-4)/(-12).
5
Suppose -4*x + 25*g + 232 = 20*g, 0 = 5*x + g - 290. Let w = -30 + 42. Calculate the remainder when x is divided by w.
10
Let g = 1182 + -1063. What is the remainder when g is divided by 26?
15
Let s be (16 - -1)/(4/4). Let c = -197 - -248. What is the remainder when c is divided by s - 2 - (-1 - -3)?
12
Suppose 4*p + 2*m - 51 = 671, 5*p - 5*m = 910. What is the remainder when p is divided by 26?
25
Let f(b) = 11*b + 60 - 60. Calculate the remainder when f(1) is divided by 4.
3
Let l = 26 - 17. What is the remainder when -4 - (4 + -2)*-23 is divided by l?
6
Let i(z) = 30*z + 1. Let v be i(-1). Let x = -387 + 444. Let u = v + x. What is the remainder when u is divided by 10?
8
Let h be -4 - 950/(-7) - (-4)/14. Suppose 2*c + 0*c - 4*v = 124, -2*v = -2*c + h. Suppose -4*g + 47 + 25 = 0. Calculate the remainder when c is divided by g.
16
Calculate the remainder when 150 is divided by (-144)/(-15) + 12/(-20).
6
Let u = 4 - 0. Suppose 0 = -0*l + u*l. Suppose l = -n + 6*n - 130. Calculate the remainder when n is divided by 14.
12
Suppose -13*v + 1490 = -486. What is the remainder when v is divided by 22?
20
Let t(l) = -l + 32. What is the remainder when 33 is divided by t(14)?
15
Let l = 41 + -10. Suppose 0 = j - 9 - 16. Suppose -4*m + 19 = -j. What is the remainder when l is divided by m?
9
Suppose 18*s = -s + 1026. What is the remainder when 107 is divided by s?
53
Suppose 140 = 11*j - 124. Let d(a) = -2*a**3 - a**2 - a - 1. Calculate the remainder when j is divided by d(-2).
11
Let y = 1969 + -1944. Suppose -2*w + a + 145 = w, -3*w + 140 = 4*a. What is the remainder when w is divided by y?
23
Suppose 2*x = 7 + 5. Let z(f) = 2*f + 2. Calculate the remainder when 53 is divided by z(x).
11
Let p = 82 - 44. Let q = -2386 - -2398. Calculate the remainder when p is divided by q.
2
Let u = -33 + 39. Suppose -u*n + 96 = -2*n. What is the remainder when 71 is divided by n?
23
Suppose -2*w = -118 + 24. Calculate the remainder when w is divided by 13.
8
Suppose 0 = -3*l - 2*l + 60. Suppose -4*v - 92 - 429 = -3*q, 5*q - 2*v = 887. Calculate the remainder when q is divided by l.
11
What is the remainder when (440/60)/(4/54) is divided by (-9)/12 - (-261)/12?
15
Suppose -14*d + 24 = -4. Suppose 62 = x - 4*n, -4*n = 5*x - d*n - 310. What is the remainder when x is divided by 16?
14
Let j be ((-8)/(-4) + -141)*-1. Let x = 87 - j. Calculate the remainder when (x/16)/((-1)/4) is divided by 7.
6
Suppose -4*u - 2*c - 16 = 0, u + 0*c - 7 = 5*c. Let r be (-180)/(-8) + u/(-6). Let o = r - 1. What is the remainder when 65 is divided by o?
21
Let y(z) = -2*z**2 - 22*z - 16. Let q be y(-10). Suppose q*m = -5*p + 32, 2*m - 2*p + 1 = -1. What is the remainder when 3*3 + (1 - -1) is divided by m?
2
Let h(b) = -b**3 - b**2 + 2*b. Let i be h(1). Suppose i = g - 31. Calculate the remainder when g is divided by 12.
7
Suppose -4*q + 3*q + 100 = 2*w, 0 = 4*w - q - 206. Suppose m = 4*m - w. What is the remainder when 118 is divided by m?
16
Let x(n) = -n**3 - 2*n**2 + 3*n - 1. Suppose -2*w + 72 = -78. What is the remainder when w is divided by x(-4)?
18
Suppose 962 = 5*n + 617. Calculate the remainder when 203 is divided by n.
65
Let d(b) be the first derivative of -3*b**2/2 - 12*b - 1. Let l(n) = -19*n + 51. Let o be l(3). Calculate the remainder when 21 is divided by d(o).
3
Suppose 0 = -14*z + 9*z + 25. Suppose z*v - 60 = -v. Let g = -7 + v. Calculate the remainder when 11 is divided by g.
2
Let d be ((-9)/(-18))/(1/292). Suppose 546 + d = 4*o. Calculate the remainder when o/4 - (-18)/24 is divided by 15.
14
Suppose -v = -4*v + 15. Suppose c + 2*c = v*b - 47, -5*b + 43 = -2*c. Suppose -3*h = -8 - b. What is the remainder when 18 is divided by h?
3
Let v be 8/(-32) + 18/8. Calculate the remainder when (1/v)/(1/24) is divided by 3.
0
Suppose 708 = 4*a + 2*m, 7*a - 4*a - m - 531 = 0. Calculate the remainder when a is divided by 80.
17
Let g be 4/24 + (-453)/18. Let d = g - -60. What is the remainder when 173 is divided by d?
33
Suppose -4*r + 526 = 22. Suppose -4*x - y = x + 155, 3*x - 2*y + 80 = 0. Let b = 2 - x. What is the remainder when r is divided by b?
30
Calculate the remainder when 2 - (-33)/(-18) - (-24507)/378 is divided by 9.
2
Let u(j) be the third derivative of j**5/30 - j**4/8 - 7*j**3/3 + j**2 - 1. What is the remainder when u(5) is divided by 4?
1
Let x = -179 - -189. What is the remainder when x is divided by 9?
1
Let u be -1 - (3 - 47/(-1)). Let c = u - -154. Let v(k) = -2*k + 14. Calculate the remainder when c is divided by v(-6).
25
Suppose -143 = 7*v - 437. Let p = 5 - -18. What is the remainder when v is divided by p?
19
Let m = 16 + 6. Let q be 1 + m*2 + 1. Suppose p + p = q. Calculate the remainder when p is divided by 6.
5
Let h(f) = f**2 + 2. Suppose -n = -4 + 5. What is the remainder when (1 - -7)*n*(-13)/2 is divided by h(-3)?
8
Let k = -43 - -66. Suppose -k*i = -20*i - 36. What is the remainder when 56 is divided by i?
8
Let b(l) = -l**3 - 5*l**2 - 4*l - 4. Let f(u) = -u**3 - u - 5. Let y be f(0). What is the remainder when b(y) is divided by 7?
2
Suppose -30 = -2*s + 3*t, 0*s = -3*s + 4*t + 45. What is the remainder when (-664)/(-5) + 196/245 + 8/(-5) is divided by s?
12
Let d(o) = o + 653. What is the remainder when d(-46) is divided by 12?
7
What is the remainder when 167 is divided by -4 - -29 - (1 + 0)?
23
Let s = 921 + -904. What is the remainder when s is divided by 39/12*4*1?
4
Let b = 366 + -327. What is the remainder when 308 is divided by b?
35
What is the remainder when ((-12)/(-15))/(7/455) is divided by 4?
0
Let q(l) = -2*l**2 - 22*l + 6*l**2 + 15*l + 18. Calculate the remainder when q(6) is divided by 11.
10
Suppose -431*r = -414*r - 85. What is the remainder when 707 is divided by r?
2
What is the remainder when 196 is divided by ((-20)/(-25))/((-1008)/(-500) - 2)?
46
Let u(v) = -v**3 - 9*v**2 + v - 8. Let j be u(-4). Let s = j + 135. What is the remainder when 171 is divided by s?
42
Let k be -1*0/((-3)/3)*-1. Suppose 0*m - m + 42 = 2*n, 3*n + 5*m - 70 = k. What is the remainder when n is divided by 12?
8
Let v = 2551 - 1404. Calculate the remainder when v is divided by 5.
2
Let u = 2 + 9. Let b(l) = l**2 - 10*l - 15. Let x be b(u). Calculate the remainder when 35 is divided by (5 + -3 + x)*-6.
11
Suppose -4*v + 45 = v. Let h(p) = -p**2 - 11*p + 12. Let o be h(-9). Calculate the remainder when v is divided by (6/10)/(6/o).
0
Calculate the remainder when 455 is divided by 25 + -17 - (1 + -5).
11
Suppose -5*m + 3040 = -3*d + 960, 3*m - 2*d - 1248 = 0. What is the remainder when m is divided by 25?
16
Suppose -w - 8 = -5*w. Let o(h) = 0*h**2 - 3*h**3 + h**w - 13*h**3. What is the remainder when 50 is divided by o(-1)?
16
Let n(x) = x**3 - 4*x**2 + x - 2. Let o be n(4). Suppose -z - t = -18, o*t - 20 = 6*t. Calculate the remainder when 43 is divided by z.
20
Let o(u) = -u + 11. Let s be (0/2)/(4/2). Let c = 207 - 166. What is the remainder when c is divided by o(s)?
8
Let i = 2298 - 168. What is the remainder when i is divided by 26?
24
Suppose l + 0*l - r = 28, 103 = 4*l + 5*r. Suppose -28*a = -l*a - 66. What is the remainder when a is divided by 17?
15
Suppose -429 = -24*n + 627. Let h(x) = 4*x - 1. What is the remainder when n is divided by h(6)?
21
Let p = 26 - 7. Suppose -1 = 5*t + 9, -t + 10 = 2*y. What is the remainder when p is divided by y?
1
Let z = 17 + -10. What is the remainder when -34*((-44)/40 + 27/45) is divided by z?
3
Suppose 3*t - 910 = -5*w, 5*t - 562 = 10*w - 13*w. Calculate the remainder when w is divided by 13.
10
Let q(s) = -2*s + 9. Let f be q(3). Suppose f*x + 40 = 7*x. What is the remainder when 19 is divided by x?
9
Suppose 3*a = -3*x - 9, a + 3*x = -0*a - 13. Suppose -2*z + a = -z. Suppose z*f = 6*f - 52. What is the remainder when 36 is divided by f?
10
Let q = 42 - -180. Let y = q - -131. Suppose 0 = -3*x - 4*z + 119, -y = -5*x + 3*z - 116. Calculate the remainder when x is divided by 16.
13
Calculate the remainder 